 2835497430.
2, 3, 5, 31505527
What are the prime factors of 129567081?
3, 7, 17, 37, 577
List the prime factors of 4845347578.
2, 23, 105333643
What are the prime factors of 4347499480?
2, 5, 877, 123931
What are the prime factors of 7535996663?
13, 59, 73, 134593
What are the prime factors of 32398206?
2, 3, 157, 163, 211
List the prime factors of 1959676275.
3, 5, 17, 1537001
List the prime factors of 228950258.
2, 114475129
List the prime factors of 11884956.
2, 3, 19, 52127
What are the prime factors of 253241389?
253241389
List the prime factors of 3286957867.
3286957867
What are the prime factors of 1576834284?
2, 3, 29, 827, 5479
What are the prime factors of 372541047?
3, 29, 41, 71, 1471
List the prime factors of 1328313825.
3, 5, 23, 29, 53, 167
List the prime factors of 1218931461.
3, 11, 12312439
What are the prime factors of 2444000408?
2, 3907, 78193
What are the prime factors of 71646148?
2, 7, 2558791
What are the prime factors of 10370400?
2, 3, 5, 29, 149
List the prime factors of 37999262.
2, 7, 89, 30497
List the prime factors of 6510785.
5, 53, 79, 311
List the prime factors of 666866565.
3, 5, 17, 839, 1039
What are the prime factors of 494362415?
5, 109, 263, 3449
What are the prime factors of 699018940?
2, 5, 34950947
What are the prime factors of 749907369?
3, 1399, 19853
What are the prime factors of 115801002?
2, 3, 29, 157
What are the prime factors of 151888354?
2, 41, 53, 34949
What are the prime factors of 24165158?
2, 67, 180337
What are the prime factors of 1026150570?
2, 3, 5, 307, 37139
List the prime factors of 81665539.
79, 1033741
What are the prime factors of 436521128?
2, 149, 251, 1459
What are the prime factors of 1934336172?
2, 3, 37, 79, 55147
What are the prime factors of 116591840?
2, 5, 728699
What are the prime factors of 2453450833?
103, 23819911
List the prime factors of 2800596385.
5, 560119277
List the prime factors of 61324621.
61324621
What are the prime factors of 55311010?
2, 5, 47, 137, 859
What are the prime factors of 97127942?
2, 23, 211, 10007
List the prime factors of 264335821.
14009, 18869
What are the prime factors of 345015988?
2, 31, 167, 16661
What are the prime factors of 73892149?
17, 283, 15359
List the prime factors of 1253903563.
11, 79, 103, 14009
List the prime factors of 6297117077.
23, 103, 115571
What are the prime factors of 567764075?
5, 37, 211, 2909
List the prime factors of 233888240.
2, 5, 661, 4423
What are the prime factors of 67900417?
13, 5223109
List the prime factors of 501490451.
7, 11, 930409
List the prime factors of 15227945.
5, 3045589
What are the prime factors of 580779702?
2, 3, 367, 87917
List the prime factors of 176593358.
2, 7559, 11681
List the prime factors of 95740425.
3, 5, 11, 101, 383
What are the prime factors of 374674069?
7, 11, 89, 54673
What are the prime factors of 878750064?
2, 3, 43, 141917
List the prime factors of 276168094.
2, 17, 8122591
What are the prime factors of 2570122917?
3, 17, 16798189
What are the prime factors of 586692853?
2027, 289439
What are the prime factors of 66045288?
2, 3, 2751887
What are the prime factors of 271954233?
3, 251, 40129
List the prime factors of 38082565.
5, 7616513
List the prime factors of 71294633.
67, 181, 5879
What are the prime factors of 48323779?
7, 6903397
What are the prime factors of 301808892?
2, 3, 7, 11, 326633
List the prime factors of 57201135.
3, 5, 79, 48271
What are the prime factors of 3171118045?
5, 3931, 161339
List the prime factors of 443352677.
443352677
List the prime factors of 307722728.
2, 881, 43661
List the prime factors of 131613775.
5, 857, 6143
List the prime factors of 81287398.
2, 73, 556763
List the prime factors of 12325644.
2, 3, 342379
What are the prime factors of 359387833?
7, 73, 277, 2539
List the prime factors of 2221098928.
2, 47, 2953589
List the prime factors of 4519717489.
7, 645673927
What are the prime factors of 644772574?
2, 811, 397517
List the prime factors of 3973579.
3973579
List the prime factors of 778159085.
5, 11, 79, 2267
What are the prime factors of 841567133?
11, 17, 19, 13933
What are the prime factors of 3618990772?
2, 1039, 870787
List the prime factors of 24246470.
2, 5, 19, 37, 3449
List the prime factors of 829509690.
2, 3, 5, 1669, 16567
List the prime factors of 49353161.
11, 13, 269, 1283
What are the prime factors of 90956322?
2, 3, 1499, 3371
List the prime factors of 3078944831.
31, 99320801
What are the prime factors of 1864893246?
2, 3, 310815541
List the prime factors of 12804114.
2, 3, 2134019
List the prime factors of 45781908.
2, 3, 3815159
List the prime factors of 524690443.
107, 1789, 2741
What are the prime factors of 8314313793?
3, 2771437931
What are the prime factors of 435734446?
2, 7, 17, 1830817
List the prime factors of 2902378728.
2, 3, 269, 449563
What are the prime factors of 79469334?
2, 3, 7, 630709
What are the prime factors of 386780865?
3, 5, 25785391
List the prime factors of 362342361.
3, 103, 179, 6551
List the prime factors of 67381131.
3, 22460377
What are the prime factors of 41361915?
3, 5, 7, 43, 9161
List the prime factors of 67693179.
3, 887, 25439
What are the prime factors of 271354439?
31, 8753369
List the prime factors of 822868008.
2, 3, 101, 339467
What are the prime factors of 730930903?
41, 17827583
List the prime factors of 334393635.
3, 5, 19, 29, 40459
What are the prime factors of 221810692?
2, 55452673
List the prime factors of 58718940.
2, 3, 5, 7, 251, 557
What are the prime factors of 14181995?
5, 17, 166847
List the prime factors of 975832321.
3541, 275581
What are the prime factors of 217426832?
2, 7, 761, 2551
List the prime factors of 111915371.
103, 1086557
List the prime factors of 606616555.
5, 121323311
What are the prime factors of 8691132930?
2, 3, 5, 289704431
What are the prime factors of 510144042?
2, 3, 85024007
List the prime factors of 5239463405.
5, 11, 95262971
List the prime factors of 93828393.
3, 10425377
What are the prime factors of 35443425?
3, 5, 101, 4679
What are the prime factors of 374716213?
374716213
List the prime factors of 540464337.
3, 7, 41, 89, 2351
List the prime factors of 418165040.
2, 5, 5227063
List the prime factors of 153538169.
17, 9031657
List the prime factors of 784362522.
2, 3, 19, 61, 149, 757
List the prime factors of 1960736764.
2, 7, 10003759
List the prime factors of 34894678.
2, 7, 13, 19, 10091
List the prime factors of 66647019.
3, 947, 23459
List the prime factors of 285747540.
2, 3, 5, 13, 366343
List the prime factors of 259157207.
19, 717887
List the prime factors of 3829991680.
2, 5, 347, 8623
List the prime factors of 1031944644.
2, 3, 19, 73, 83
What are the prime factors of 50127515?
5, 29, 345707
What are the prime factors of 1359212269?
29231, 46499
List the prime factors of 2354767486.
2, 3943, 298601
What are the prime factors of 811697482?
2, 1861, 218081
What are the prime factors of 351035202?
2, 3, 7, 353, 23677
List the prime factors of 47408604.
2, 3, 83, 47599
List the prime factors of 90862195.
5, 17, 37, 167, 173
List the prime factors of 42844137.
3, 7, 359, 5683
List the prime factors of 155418596.
2, 79, 557, 883
List the prime factors of 1899358699.
7, 23, 1061, 11119
What are the prime factors of 188297625?
3, 5, 37, 41, 331
List the prime factors of 5365256824.
2, 29, 23126107
List the prime factors of 121823843.
131, 929953
What are the prime factors of 13646035?
5, 13, 209939
List the prime factors of 2882164838.
2, 7, 223, 923179
What are the prime factors of 320127194?
2, 3767, 42491
What are the prime factors of 262917419?
229, 1148111
What are the prime factors of 3247054610?
2, 5, 324705461
What are the prime factors of 57498414?
2, 3, 9583069
What are the prime factors of 4287635607?
3, 20749, 68881
List the prime factors of 1424938735.
5, 11, 1091, 23747
What are the prime factors of 669723702?
2, 3, 1531, 72907
List the prime factors of 76931689.
89, 751, 1151
List the prime factors of 160967487.
3, 19, 29, 97379
What are the prime factors of 81622836?
2, 3, 755767
List the prime factors of 69886719.
3, 7, 23, 233
What are the prime factors of 8906649?
3, 19, 156257
List the prime factors of 414367342.
2, 2713, 76367
List the prime factors of 238248108.
2, 3, 7, 29, 1